{"id":155,"date":"2022-02-26T15:45:33","date_gmt":"2022-02-26T14:45:33","guid":{"rendered":"https:\/\/goldencocoon.fr\/?page_id=155"},"modified":"2023-06-30T18:00:22","modified_gmt":"2023-06-30T16:00:22","slug":"meditation-guidee","status":"publish","type":"page","link":"https:\/\/goldencocoon.fr\/index.php\/meditation-guidee\/","title":{"rendered":"M\u00c9DITATION GUID\u00c9E"},"content":{"rendered":"<p>[et_pb_section fb_built=\u00a0\u00bb1&Prime; _builder_version=\u00a0\u00bb4.16&Prime; _module_preset=\u00a0\u00bbdefault\u00a0\u00bb global_colors_info=\u00a0\u00bb{}\u00a0\u00bb][et_pb_row _builder_version=\u00a0\u00bb4.16&Prime; _module_preset=\u00a0\u00bbdefault\u00a0\u00bb global_colors_info=\u00a0\u00bb{}\u00a0\u00bb][et_pb_column type=\u00a0\u00bb4_4&Prime; _builder_version=\u00a0\u00bb4.16&Prime; _module_preset=\u00a0\u00bbdefault\u00a0\u00bb global_colors_info=\u00a0\u00bb{}\u00a0\u00bb][et_pb_text _builder_version=\u00a0\u00bb4.21.0&Prime; _module_preset=\u00a0\u00bbdefault\u00a0\u00bb text_font_size=\u00a0\u00bb16px\u00a0\u00bb text_line_height=\u00a0\u00bb2.3em\u00a0\u00bb hover_enabled=\u00a0\u00bb0&Prime; global_colors_info=\u00a0\u00bb{}\u00a0\u00bb sticky_enabled=\u00a0\u00bb0&Prime;]<\/p>\n<h3 style=\"text-align: center;\"><span style=\"font-size: large; color: #cb8e13;\"><\/span><\/h3>\n<h3 style=\"text-align: center;\"><span style=\"font-size: large; color: #cb8e13;\"><\/span><\/h3>\n<h3 style=\"text-align: center;\"><em><span style=\"font-size: x-large; color: #cb8e13;\">La m\u00e9ditation <\/span><\/em><\/h3>\n<h3 style=\"text-align: center;\"><em><span style=\"font-size: x-large; color: #cb8e13;\">en toute simplicit\u00e9<\/span><\/em><\/h3>\n<p><span style=\"font-size: x-large; color: #cb8e13;\"><\/span><\/p>\n<p>[\/et_pb_text][et_pb_text _builder_version=\u00a0\u00bb4.21.0&Prime; _module_preset=\u00a0\u00bbdefault\u00a0\u00bb text_font=\u00a0\u00bb|||||on|||\u00a0\u00bb text_text_color=\u00a0\u00bb#cb8e13&Prime; text_font_size=\u00a0\u00bb16px\u00a0\u00bb text_letter_spacing=\u00a0\u00bb1px\u00a0\u00bb text_line_height=\u00a0\u00bb2.1em\u00a0\u00bb header_text_color=\u00a0\u00bb#cb8e13&Prime; global_colors_info=\u00a0\u00bb{}\u00a0\u00bb]<\/p>\n<h1 style=\"text-align: center;\"><span style=\"font-size: medium;\">Se reconnecter \u00e0 soi \u00e0 par la m\u00e9ditation. Contacter le silence et la paix int\u00e9rieure. la m\u00e9ditation n&rsquo;est pas un but, elle est un moyen pour aller vers.<\/span><\/h1>\n<h1 style=\"text-align: center;\"><span style=\"font-size: medium;\">\u00ab\u00a0La m\u00e9ditation c&rsquo;est mettre de l&rsquo;huile dans la lampe\u00a0\u00bb P. Yogananda<\/span><em><\/em><\/h1>\n<p><em><\/em><\/p>\n<h1 style=\"text-align: center;\"><em><\/em><\/h1>\n<p><span style=\"font-size: large; color: #cb8e13;\"><\/span><\/p>\n<p><em><\/em><\/p>\n<p>[\/et_pb_text][\/et_pb_column][\/et_pb_row][\/et_pb_section][et_pb_section fb_built=\u00a0\u00bb1&Prime; _builder_version=\u00a0\u00bb4.16&Prime; _module_preset=\u00a0\u00bbdefault\u00a0\u00bb background_image=\u00a0\u00bbhttp:\/\/goldencocoon.fr\/wp-content\/uploads\/2022\/03\/luca-bravo-zAjdgNXsMeg-unsplash-scaled.jpg\u00a0\u00bb parallax=\u00a0\u00bbon\u00a0\u00bb min_height=\u00a0\u00bb218px\u00a0\u00bb custom_margin=\u00a0\u00bb||19px|||\u00a0\u00bb global_colors_info=\u00a0\u00bb{}\u00a0\u00bb][et_pb_row _builder_version=\u00a0\u00bb4.16&Prime; _module_preset=\u00a0\u00bbdefault\u00a0\u00bb global_colors_info=\u00a0\u00bb{}\u00a0\u00bb][et_pb_column type=\u00a0\u00bb4_4&Prime; _builder_version=\u00a0\u00bb4.16&Prime; _module_preset=\u00a0\u00bbdefault\u00a0\u00bb global_colors_info=\u00a0\u00bb{}\u00a0\u00bb][et_pb_text _builder_version=\u00a0\u00bb4.16&Prime; _module_preset=\u00a0\u00bbdefault\u00a0\u00bb global_colors_info=\u00a0\u00bb{}\u00a0\u00bb][\/et_pb_text][et_pb_text _builder_version=\u00a0\u00bb4.21.0&Prime; _module_preset=\u00a0\u00bbdefault\u00a0\u00bb background_layout=\u00a0\u00bbdark\u00a0\u00bb global_colors_info=\u00a0\u00bb{}\u00a0\u00bb]<\/p>\n<h3 style=\"text-align: center;\"><span style=\"font-size: large;\"><em><span style=\"font-size: x-large;\">\u00ab Toucher les cimes, prendre racine \u00bb<\/span>.<\/em><\/span><\/h3>\n<p>[\/et_pb_text][et_pb_text _builder_version=\u00a0\u00bb4.16&Prime; _module_preset=\u00a0\u00bbdefault\u00a0\u00bb global_colors_info=\u00a0\u00bb{}\u00a0\u00bb][\/et_pb_text][\/et_pb_column][\/et_pb_row][\/et_pb_section][et_pb_section fb_built=\u00a0\u00bb1&Prime; _builder_version=\u00a0\u00bb4.16&Prime; _module_preset=\u00a0\u00bbdefault\u00a0\u00bb global_colors_info=\u00a0\u00bb{}\u00a0\u00bb][et_pb_row _builder_version=\u00a0\u00bb4.16&Prime; _module_preset=\u00a0\u00bbdefault\u00a0\u00bb global_colors_info=\u00a0\u00bb{}\u00a0\u00bb][et_pb_column type=\u00a0\u00bb4_4&Prime; _builder_version=\u00a0\u00bb4.16&Prime; _module_preset=\u00a0\u00bbdefault\u00a0\u00bb global_colors_info=\u00a0\u00bb{}\u00a0\u00bb][et_pb_text _builder_version=\u00a0\u00bb4.21.0&Prime; _module_preset=\u00a0\u00bbdefault\u00a0\u00bb text_line_height=\u00a0\u00bb2.5em\u00a0\u00bb header_text_color=\u00a0\u00bb#cb8e13&Prime; custom_padding=\u00a0\u00bb||13px|||\u00a0\u00bb global_colors_info=\u00a0\u00bb{}\u00a0\u00bb]<\/p>\n<h3 style=\"text-align: center;\"><\/h3>\n<h3 style=\"text-align: center;\"><span style=\"font-size: large; color: #cb8e13;\"><\/span><\/h3>\n<h3 style=\"text-align: center;\"><span style=\"font-size: large; color: #cb8e13;\">OUVRE LES YEUX<\/span><\/h3>\n<p><span style=\"font-size: large; color: #cb8e13;\"><em><\/em><\/span><\/p>\n<p style=\"text-align: left;\"><span style=\"font-size: large;\">Je vous propose un temps de <strong>m\u00e9ditation guid\u00e9e<\/strong> <strong>sur mesure<\/strong> pour vous ressourcer. Au cabinet ou en visio.<\/span><\/p>\n<p><span style=\"font-size: large;\">Pratiquer la m\u00e9ditation n&rsquo;est pas une montagne \u00e0 gravir r\u00e9serv\u00e9e \u00e0 quelques initi\u00e9s. Je vous accompagne en m\u00e9ditation guid\u00e9e de 20min, accessible \u00e0 tous.tes. Ce temps de m\u00e9ditation vous permettra de reprendre contact avec soi, faire un voyage au coeur de ce qui Est, tout en r\u00e9habilitant certaines connexions neuronales. La m\u00e9ditation participe \u00e0 l&rsquo;ouverture de la conscience, elle vous permet de gagner en fluidit\u00e9 et en paix dans votre vie.<\/span><span style=\"font-size: large; color: #cb8e13;\"><\/span><span style=\"font-size: large; color: #cb8e13;\"><\/span><span style=\"font-size: large; color: #cb8e13;\"><\/span><span style=\"font-size: large; color: #cb8e13;\"><em><\/em><\/span><span style=\"font-size: large; color: #cb8e13;\"><em><\/em><\/span><\/p>\n<p><span style=\"font-size: large; color: rgba(51, 51, 51, 0.89);\"><\/span><\/p>\n<p>[\/et_pb_text][et_pb_button button_url=\u00a0\u00bbhttp:\/\/goldencocoon.fr\/index.php\/qui_suis_je\/\u00a0\u00bb button_text=\u00a0\u00bbR\u00e9server une m\u00e9ditation\u00a0\u00bb button_alignment=\u00a0\u00bbcenter\u00a0\u00bb _builder_version=\u00a0\u00bb4.17.4&Prime; _module_preset=\u00a0\u00bbdefault\u00a0\u00bb custom_button=\u00a0\u00bbon\u00a0\u00bb button_text_size=\u00a0\u00bb20px\u00a0\u00bb button_text_color=\u00a0\u00bb#cb8e13&Prime; button_bg_color=\u00a0\u00bb#FFFFFF\u00a0\u00bb global_colors_info=\u00a0\u00bb{}\u00a0\u00bb][\/et_pb_button][et_pb_divider show_divider=\u00a0\u00bboff\u00a0\u00bb _builder_version=\u00a0\u00bb4.21.0&Prime; _module_preset=\u00a0\u00bbdefault\u00a0\u00bb global_colors_info=\u00a0\u00bb{}\u00a0\u00bb][\/et_pb_divider][\/et_pb_column][\/et_pb_row][et_pb_row _builder_version=\u00a0\u00bb4.16&Prime; _module_preset=\u00a0\u00bbdefault\u00a0\u00bb global_colors_info=\u00a0\u00bb{}\u00a0\u00bb][et_pb_column type=\u00a0\u00bb4_4&Prime; _builder_version=\u00a0\u00bb4.16&Prime; _module_preset=\u00a0\u00bbdefault\u00a0\u00bb global_colors_info=\u00a0\u00bb{}\u00a0\u00bb][et_pb_video src=\u00a0\u00bbhttps:\/\/www.youtube.com\/watch?v=yHrFllEJ71g\u00a0\u00bb _builder_version=\u00a0\u00bb4.16&Prime; _module_preset=\u00a0\u00bbdefault\u00a0\u00bb custom_padding=\u00a0\u00bb||35px|||\u00a0\u00bb global_colors_info=\u00a0\u00bb{}\u00a0\u00bb][\/et_pb_video][\/et_pb_column][\/et_pb_row][\/et_pb_section][et_pb_section fb_built=\u00a0\u00bb1&Prime; _builder_version=\u00a0\u00bb4.16&Prime; _module_preset=\u00a0\u00bbdefault\u00a0\u00bb custom_padding=\u00a0\u00bb||27px|||\u00a0\u00bb global_colors_info=\u00a0\u00bb{}\u00a0\u00bb][et_pb_row _builder_version=\u00a0\u00bb4.16&Prime; _module_preset=\u00a0\u00bbdefault\u00a0\u00bb global_colors_info=\u00a0\u00bb{}\u00a0\u00bb][et_pb_column type=\u00a0\u00bb4_4&Prime; _builder_version=\u00a0\u00bb4.16&Prime; _module_preset=\u00a0\u00bbdefault\u00a0\u00bb global_colors_info=\u00a0\u00bb{}\u00a0\u00bb][\/et_pb_column][\/et_pb_row][\/et_pb_section]<\/p>\n","protected":false},"excerpt":{"rendered":"<p>La m\u00e9ditation en toute simplicit\u00e9 Se reconnecter \u00e0 soi \u00e0 par la m\u00e9ditation. Contacter le silence et la paix int\u00e9rieure. la m\u00e9ditation n&rsquo;est pas un but, elle est un moyen pour aller vers. \u00ab\u00a0La m\u00e9ditation c&rsquo;est mettre de l&rsquo;huile dans la lampe\u00a0\u00bb P. Yogananda \u00ab Toucher les cimes, prendre racine \u00bb. OUVRE LES YEUX Je [&hellip;]<\/p>\n","protected":false},"author":1,"featured_media":0,"parent":0,"menu_order":0,"comment_status":"closed","ping_status":"closed","template":"","meta":{"_et_pb_use_builder":"on","_et_pb_old_content":"","_et_gb_content_width":"","footnotes":""},"class_list":["post-155","page","type-page","status-publish","hentry"],"_links":{"self":[{"href":"https:\/\/goldencocoon.fr\/index.php\/wp-json\/wp\/v2\/pages\/155","targetHints":{"allow":["GET"]}}],"collection":[{"href":"https:\/\/goldencocoon.fr\/index.php\/wp-json\/wp\/v2\/pages"}],"about":[{"href":"https:\/\/goldencocoon.fr\/index.php\/wp-json\/wp\/v2\/types\/page"}],"author":[{"embeddable":true,"href":"https:\/\/goldencocoon.fr\/index.php\/wp-json\/wp\/v2\/users\/1"}],"replies":[{"embeddable":true,"href":"https:\/\/goldencocoon.fr\/index.php\/wp-json\/wp\/v2\/comments?post=155"}],"version-history":[{"count":42,"href":"https:\/\/goldencocoon.fr\/index.php\/wp-json\/wp\/v2\/pages\/155\/revisions"}],"predecessor-version":[{"id":839,"href":"https:\/\/goldencocoon.fr\/index.php\/wp-json\/wp\/v2\/pages\/155\/revisions\/839"}],"wp:attachment":[{"href":"https:\/\/goldencocoon.fr\/index.php\/wp-json\/wp\/v2\/media?parent=155"}],"curies":[{"name":"wp","href":"https:\/\/api.w.org\/{rel}","templated":true}]}}