{"id":372,"date":"2023-06-06T17:24:07","date_gmt":"2023-06-06T15:24:07","guid":{"rendered":"http:\/\/goldencocoon.fr\/?page_id=372"},"modified":"2023-06-30T10:40:35","modified_gmt":"2023-06-30T08:40:35","slug":"massage-energetique","status":"publish","type":"page","link":"https:\/\/goldencocoon.fr\/index.php\/massage-energetique\/","title":{"rendered":"MASSAGE \u00c9NERG\u00c9TIQUE *"},"content":{"rendered":"<p>[et_pb_section fb_built=\u00a0\u00bb1&Prime; _builder_version=\u00a0\u00bb4.16&Prime; _module_preset=\u00a0\u00bbdefault\u00a0\u00bb global_colors_info=\u00a0\u00bb{}\u00a0\u00bb][et_pb_row _builder_version=\u00a0\u00bb4.16&Prime; _module_preset=\u00a0\u00bbdefault\u00a0\u00bb global_colors_info=\u00a0\u00bb{}\u00a0\u00bb][et_pb_column type=\u00a0\u00bb4_4&Prime; _builder_version=\u00a0\u00bb4.16&Prime; _module_preset=\u00a0\u00bbdefault\u00a0\u00bb global_colors_info=\u00a0\u00bb{}\u00a0\u00bb][et_pb_text _builder_version=\u00a0\u00bb4.21.0&Prime; _module_preset=\u00a0\u00bbdefault\u00a0\u00bb text_text_color=\u00a0\u00bb#cb8e13&Prime; text_line_height=\u00a0\u00bb2.1em\u00a0\u00bb header_text_color=\u00a0\u00bb#cb8e13&Prime; global_colors_info=\u00a0\u00bb{}\u00a0\u00bb]<\/p>\n<h1 style=\"text-align: center;\"><em><\/em><\/h1>\n<h1 style=\"text-align: center;\"><em><\/em><\/h1>\n<h1 style=\"text-align: center;\"><em>L&rsquo;Art du Toucher en Conscience*<\/em><\/h1>\n<p>[\/et_pb_text][et_pb_text _builder_version=\u00a0\u00bb4.21.0&Prime; _module_preset=\u00a0\u00bbdefault\u00a0\u00bb text_font=\u00a0\u00bb|||||on|||\u00a0\u00bb text_font_size=\u00a0\u00bb15px\u00a0\u00bb text_letter_spacing=\u00a0\u00bb2px\u00a0\u00bb text_line_height=\u00a0\u00bb1.8em\u00a0\u00bb global_colors_info=\u00a0\u00bb{}\u00a0\u00bb]<\/p>\n<p style=\"text-align: center;\">Invitation \u00e0 plonger dans les profondeurs de votre \u00eatre. Lib\u00e9ration des tensions et des stress corporels accumul\u00e9s. Se d\u00e9poser en toute s\u00e9curit\u00e9 gr\u00e2ce \u00e0 la bienveillance du toucher conscient.<br \/>Un massage \u00e9nerg\u00e9tique au service de l&rsquo;\u00eatre.<\/p>\n<p style=\"text-align: center;\">\n<p style=\"text-align: center;\">\n<p>[\/et_pb_text][\/et_pb_column][\/et_pb_row][\/et_pb_section][et_pb_section fb_built=\u00a0\u00bb1&Prime; _builder_version=\u00a0\u00bb4.17.3&Prime; _module_preset=\u00a0\u00bbdefault\u00a0\u00bb background_image=\u00a0\u00bbhttp:\/\/goldencocoon.fr\/wp-content\/uploads\/2022\/03\/DSCF9538-1-scaled.jpg\u00a0\u00bb parallax=\u00a0\u00bbon\u00a0\u00bb global_colors_info=\u00a0\u00bb{}\u00a0\u00bb][et_pb_row _builder_version=\u00a0\u00bb4.16&Prime; _module_preset=\u00a0\u00bbdefault\u00a0\u00bb global_colors_info=\u00a0\u00bb{}\u00a0\u00bb][et_pb_column type=\u00a0\u00bb4_4&Prime; _builder_version=\u00a0\u00bb4.16&Prime; _module_preset=\u00a0\u00bbdefault\u00a0\u00bb global_colors_info=\u00a0\u00bb{}\u00a0\u00bb][\/et_pb_column][\/et_pb_row][et_pb_row _builder_version=\u00a0\u00bb4.16&Prime; _module_preset=\u00a0\u00bbdefault\u00a0\u00bb global_colors_info=\u00a0\u00bb{}\u00a0\u00bb][et_pb_column type=\u00a0\u00bb4_4&Prime; _builder_version=\u00a0\u00bb4.16&Prime; _module_preset=\u00a0\u00bbdefault\u00a0\u00bb global_colors_info=\u00a0\u00bb{}\u00a0\u00bb][et_pb_text _builder_version=\u00a0\u00bb4.16&Prime; _module_preset=\u00a0\u00bbdefault\u00a0\u00bb global_colors_info=\u00a0\u00bb{}\u00a0\u00bb]<\/p>\n<p>&nbsp;<\/p>\n<p>&nbsp;<\/p>\n<p>&nbsp;<\/p>\n<p>&nbsp;<\/p>\n<p>[\/et_pb_text][\/et_pb_column][\/et_pb_row][et_pb_row _builder_version=\u00a0\u00bb4.16&Prime; _module_preset=\u00a0\u00bbdefault\u00a0\u00bb global_colors_info=\u00a0\u00bb{}\u00a0\u00bb][et_pb_column type=\u00a0\u00bb4_4&Prime; _builder_version=\u00a0\u00bb4.16&Prime; _module_preset=\u00a0\u00bbdefault\u00a0\u00bb global_colors_info=\u00a0\u00bb{}\u00a0\u00bb][\/et_pb_column][\/et_pb_row][\/et_pb_section][et_pb_section fb_built=\u00a0\u00bb1&Prime; _builder_version=\u00a0\u00bb4.16&Prime; _module_preset=\u00a0\u00bbdefault\u00a0\u00bb global_colors_info=\u00a0\u00bb{}\u00a0\u00bb][et_pb_row _builder_version=\u00a0\u00bb4.17.3&Prime; _module_preset=\u00a0\u00bbdefault\u00a0\u00bb global_colors_info=\u00a0\u00bb{}\u00a0\u00bb][et_pb_column type=\u00a0\u00bb4_4&Prime; _builder_version=\u00a0\u00bb4.16&Prime; _module_preset=\u00a0\u00bbdefault\u00a0\u00bb global_colors_info=\u00a0\u00bb{}\u00a0\u00bb][et_pb_text _builder_version=\u00a0\u00bb4.21.0&Prime; _module_preset=\u00a0\u00bbdefault\u00a0\u00bb text_font=\u00a0\u00bb||||||||\u00a0\u00bb text_font_size=\u00a0\u00bb13px\u00a0\u00bb text_line_height=\u00a0\u00bb2.1em\u00a0\u00bb header_text_color=\u00a0\u00bb#cb8e13&Prime; custom_padding=\u00a0\u00bb||0px|||\u00a0\u00bb hover_enabled=\u00a0\u00bb0&Prime; global_colors_info=\u00a0\u00bb{}\u00a0\u00bb sticky_enabled=\u00a0\u00bb0&Prime;]<\/p>\n<p style=\"text-align: center;\"><span style=\"font-size: large; color: #cb8e13;\"><\/span><\/p>\n<p style=\"text-align: center;\"><span style=\"font-size: large; color: #cb8e13;\">LE MASSAGE \u00c9NERG\u00c9TIQUE \u00c0 L&rsquo;HUILE PR\u00c9CIEUSE BIO<\/span><span style=\"font-size: large; color: #cb8e13;\"><\/span><\/p>\n<p style=\"text-align: center;\"><span style=\"font-size: large; color: #cb8e13;\"><\/span><\/p>\n<p><span style=\"color: #cb8e13; font-size: large;\">Apr\u00e8s un bref entretien sur vos besoins, vos tensions corporelles \u00e9ventuelles, vous serez invit\u00e9.e \u00e0 d\u00e9poser votre corps sur la table. Vous serez recouvert.e d&rsquo;un <strong>voile de coton <\/strong>tout au long de la s\u00e9ance sur les parties non mass\u00e9es. Laissez-vous porter dans un <strong>espace de bienveillance<\/strong> et d&rsquo;une <strong>haute qualit\u00e9 vibratoire<\/strong>.<\/span><\/p>\n<p><span style=\"color: #cb8e13; font-size: large;\">\u00a0<\/span><\/p>\n<div class=\"et_pb_text_inner\">\n<div data-shortcode-id=\"3.0.0.0-1686067110341\" data-quickaccess-editable=\"yes\" class=\"et-fb-popover-tinymce\">\n<div class=\"mce-content-body\" contenteditable=\"true\" style=\"position: relative;\">\n<p style=\"text-align: center;\"><span style=\"color: #cb8e13; font-size: large;\">***<\/span><\/p>\n<p style=\"text-align: left;\"><span style=\"color: #cb8e13; font-size: large;\">Ce massage du corps a pour but de<strong> lib\u00e9rer les tensions<\/strong> et invite \u00e0 une <strong>d\u00e9tente profonde<\/strong>. <\/span><span style=\"color: #cb8e13; font-size: large;\">Il <strong>s\u2019adapte \u00e0 chaque personne<\/strong> en fonction des besoins, des douleurs de l\u2019ici et maintenant. <\/span><\/p>\n<p style=\"text-align: left;\"><span style=\"color: #cb8e13; font-size: large;\">T\u00eate, visage, dos, bras, mains, jambes, pieds sont envelopp\u00e9s par une alternance de mouvements doux, fluides, appuy\u00e9s, guid\u00e9s par de sereines Mains d\u2019Or. De l\u00e9g\u00e8res pressions du bout des doigts sur les points d\u2019acupuncture offrent une meilleure circulation d\u2019\u00e9nergie. L\u2019Art du Toucher en Conscience* dans sa forme la plus pure vous permet une reconnexion profonde \u00e0 votre \u00eatre. Une invitation \u00e0 se recentrer sur l\u2019essentiel.<\/span><\/p>\n<p style=\"text-align: left;\"><span style=\"color: #cb8e13; font-size: large;\"><\/span><\/p>\n<p style=\"text-align: center;\"><span style=\"color: #cb8e13; font-size: large;\"> \u00c9quilibre et Harmonie<\/span><\/p>\n<p style=\"text-align: center;\"><span style=\"color: #cb8e13; font-size: large;\"><\/span><\/p>\n<\/div>\n<\/div>\n<\/div>\n<p>[\/et_pb_text][\/et_pb_column][\/et_pb_row][et_pb_row _builder_version=\u00a0\u00bb4.17.3&Prime; _module_preset=\u00a0\u00bbdefault\u00a0\u00bb global_colors_info=\u00a0\u00bb{}\u00a0\u00bb][et_pb_column type=\u00a0\u00bb4_4&Prime; _builder_version=\u00a0\u00bb4.17.3&Prime; _module_preset=\u00a0\u00bbdefault\u00a0\u00bb global_colors_info=\u00a0\u00bb{}\u00a0\u00bb][et_pb_image src=\u00a0\u00bbhttp:\/\/goldencocoon.fr\/wp-content\/uploads\/2022\/05\/etoile_1.png\u00a0\u00bb title_text=\u00a0\u00bbetoile_1&Prime; show_bottom_space=\u00a0\u00bboff\u00a0\u00bb _builder_version=\u00a0\u00bb4.17.3&Prime; _module_preset=\u00a0\u00bbdefault\u00a0\u00bb width=\u00a0\u00bb8%\u00a0\u00bb max_width=\u00a0\u00bb11%\u00a0\u00bb module_alignment=\u00a0\u00bbcenter\u00a0\u00bb global_colors_info=\u00a0\u00bb{}\u00a0\u00bb][\/et_pb_image][\/et_pb_column][\/et_pb_row][\/et_pb_section][et_pb_section fb_built=\u00a0\u00bb1&Prime; _builder_version=\u00a0\u00bb4.16&Prime; _module_preset=\u00a0\u00bbdefault\u00a0\u00bb global_colors_info=\u00a0\u00bb{}\u00a0\u00bb][et_pb_row _builder_version=\u00a0\u00bb4.16&Prime; _module_preset=\u00a0\u00bbdefault\u00a0\u00bb global_colors_info=\u00a0\u00bb{}\u00a0\u00bb][et_pb_column type=\u00a0\u00bb4_4&Prime; _builder_version=\u00a0\u00bb4.16&Prime; _module_preset=\u00a0\u00bbdefault\u00a0\u00bb global_colors_info=\u00a0\u00bb{}\u00a0\u00bb][et_pb_text _builder_version=\u00a0\u00bb4.21.0&Prime; _module_preset=\u00a0\u00bbdefault\u00a0\u00bb text_line_height=\u00a0\u00bb1.8em\u00a0\u00bb hover_enabled=\u00a0\u00bb0&Prime; global_colors_info=\u00a0\u00bb{}\u00a0\u00bb sticky_enabled=\u00a0\u00bb0&Prime; text_font_size=\u00a0\u00bb18px\u00a0\u00bb text_font=\u00a0\u00bb||||||||\u00a0\u00bb]<\/p>\n<p style=\"text-align: center;\"><strong><span style=\"font-size: large;\"><\/span><\/strong><\/p>\n<p style=\"text-align: center;\"><span style=\"font-size: large;\">*L&rsquo;ART<\/span><span style=\"font-size: large;\"> <\/span><span style=\"font-size: large;\">DU TOUCHER EN CONSCIENCE<\/span><\/p>\n<p style=\"text-align: left;\"><span style=\"font-size: large; color: #cb8e13;\"><\/span>J&rsquo;ai \u00e9t\u00e9 initi\u00e9e \u00e0 l&rsquo;Art du Toucher en Conscience par Carole Lastella qui a cr\u00e9\u00e9 cette technique de massage intuitif du corps. Un toucher conscient dans le respect total de l&rsquo;autre, du rythme, du mouvement, de la paix et de la forme. Semer en corps la conscience, s&rsquo;ouvrir \u00e0 la Grandeur, au pr\u00e9sent, en connexion avec ce qu&rsquo;il y a de plus haut en Soi. Acc\u00e9der \u00e0 des lib\u00e9rations profondes par le toucher conscient.<\/p>\n<p style=\"text-align: center;\"><span style=\"font-size: large; color: #cb8e13;\"><\/span><\/p>\n<p style=\"text-align: center;\"><span style=\"font-size: medium;\"><em>Niveau 1 \u00e0 4 de 2020 \u00e0 2022<\/em><\/span><\/p>\n<p>&nbsp;<\/p>\n<p>[\/et_pb_text][\/et_pb_column][\/et_pb_row][et_pb_row _builder_version=\u00a0\u00bb4.17.3&Prime; _module_preset=\u00a0\u00bbdefault\u00a0\u00bb hover_enabled=\u00a0\u00bb0&Prime; global_colors_info=\u00a0\u00bb{}\u00a0\u00bb sticky_enabled=\u00a0\u00bb0&Prime;][et_pb_column type=\u00a0\u00bb4_4&Prime; _builder_version=\u00a0\u00bb4.17.3&Prime; _module_preset=\u00a0\u00bbdefault\u00a0\u00bb global_colors_info=\u00a0\u00bb{}\u00a0\u00bb][et_pb_image src=\u00a0\u00bbhttp:\/\/goldencocoon.fr\/wp-content\/uploads\/2022\/05\/etoile_1.png\u00a0\u00bb title_text=\u00a0\u00bbetoile_1&Prime; show_bottom_space=\u00a0\u00bboff\u00a0\u00bb _builder_version=\u00a0\u00bb4.17.3&Prime; _module_preset=\u00a0\u00bbdefault\u00a0\u00bb width=\u00a0\u00bb8%\u00a0\u00bb max_width=\u00a0\u00bb11%\u00a0\u00bb module_alignment=\u00a0\u00bbcenter\u00a0\u00bb hover_enabled=\u00a0\u00bb0&Prime; global_colors_info=\u00a0\u00bb{}\u00a0\u00bb sticky_enabled=\u00a0\u00bb0&Prime;][\/et_pb_image][et_pb_divider _builder_version=\u00a0\u00bb4.21.0&Prime; _module_preset=\u00a0\u00bbdefault\u00a0\u00bb show_divider=\u00a0\u00bboff\u00a0\u00bb hover_enabled=\u00a0\u00bb0&Prime; sticky_enabled=\u00a0\u00bb0&Prime;][\/et_pb_divider][\/et_pb_column][\/et_pb_row][\/et_pb_section][et_pb_section fb_built=\u00a0\u00bb1&Prime; _builder_version=\u00a0\u00bb4.16&Prime; _module_preset=\u00a0\u00bbdefault\u00a0\u00bb global_colors_info=\u00a0\u00bb{}\u00a0\u00bb][et_pb_row _builder_version=\u00a0\u00bb4.16&Prime; _module_preset=\u00a0\u00bbdefault\u00a0\u00bb global_colors_info=\u00a0\u00bb{}\u00a0\u00bb][et_pb_column type=\u00a0\u00bb4_4&Prime; _builder_version=\u00a0\u00bb4.16&Prime; _module_preset=\u00a0\u00bbdefault\u00a0\u00bb global_colors_info=\u00a0\u00bb{}\u00a0\u00bb][et_pb_button button_url=\u00a0\u00bbhttp:\/\/goldencocoon.fr\/index.php\/qui_suis_je\/\u00a0\u00bb button_text=\u00a0\u00bbR\u00e9server une s\u00e9ance\u00a0\u00bb button_alignment=\u00a0\u00bbcenter\u00a0\u00bb _builder_version=\u00a0\u00bb4.17.4&Prime; _module_preset=\u00a0\u00bbdefault\u00a0\u00bb custom_button=\u00a0\u00bbon\u00a0\u00bb button_text_size=\u00a0\u00bb20px\u00a0\u00bb button_text_color=\u00a0\u00bb#cb8e13&Prime; button_bg_color=\u00a0\u00bb#FFFFFF\u00a0\u00bb global_colors_info=\u00a0\u00bb{}\u00a0\u00bb][\/et_pb_button][\/et_pb_column][\/et_pb_row][\/et_pb_section]<\/p>\n","protected":false},"excerpt":{"rendered":"<p>L&rsquo;Art du Toucher en Conscience*Invitation \u00e0 plonger dans les profondeurs de votre \u00eatre. Lib\u00e9ration des tensions et des stress corporels accumul\u00e9s. Se d\u00e9poser en toute s\u00e9curit\u00e9 gr\u00e2ce \u00e0 la bienveillance du toucher conscient.Un massage \u00e9nerg\u00e9tique au service de l&rsquo;\u00eatre. &nbsp; &nbsp; &nbsp; &nbsp; LE MASSAGE \u00c9NERG\u00c9TIQUE \u00c0 L&rsquo;HUILE PR\u00c9CIEUSE BIO Apr\u00e8s un bref entretien sur [&hellip;]<\/p>\n","protected":false},"author":1,"featured_media":0,"parent":0,"menu_order":0,"comment_status":"closed","ping_status":"closed","template":"","meta":{"_et_pb_use_builder":"on","_et_pb_old_content":"","_et_gb_content_width":"","footnotes":""},"class_list":["post-372","page","type-page","status-publish","hentry"],"_links":{"self":[{"href":"https:\/\/goldencocoon.fr\/index.php\/wp-json\/wp\/v2\/pages\/372","targetHints":{"allow":["GET"]}}],"collection":[{"href":"https:\/\/goldencocoon.fr\/index.php\/wp-json\/wp\/v2\/pages"}],"about":[{"href":"https:\/\/goldencocoon.fr\/index.php\/wp-json\/wp\/v2\/types\/page"}],"author":[{"embeddable":true,"href":"https:\/\/goldencocoon.fr\/index.php\/wp-json\/wp\/v2\/users\/1"}],"replies":[{"embeddable":true,"href":"https:\/\/goldencocoon.fr\/index.php\/wp-json\/wp\/v2\/comments?post=372"}],"version-history":[{"count":31,"href":"https:\/\/goldencocoon.fr\/index.php\/wp-json\/wp\/v2\/pages\/372\/revisions"}],"predecessor-version":[{"id":759,"href":"https:\/\/goldencocoon.fr\/index.php\/wp-json\/wp\/v2\/pages\/372\/revisions\/759"}],"wp:attachment":[{"href":"https:\/\/goldencocoon.fr\/index.php\/wp-json\/wp\/v2\/media?parent=372"}],"curies":[{"name":"wp","href":"https:\/\/api.w.org\/{rel}","templated":true}]}}